uppose -2*v = -8, -2*r - 2*v = -20 - 2. Suppose -l = 4*d - 19, d - 3*l + r*l - 1 = 0. Calculate the highest common factor of 45 and d.
5
Let w(d) = -8*d**2 - d**3 + 8*d**2 - 19*d**2 + 21 - d. Let g be w(-19). Let t = g + -30. What is the greatest common divisor of 40 and t?
10
Let y(x) = 2*x**2 - 1. Let n be y(-1). Let d = -525 + 477. Let k be (d - -25)*-1*n. Calculate the greatest common divisor of 69 and k.
23
Suppose 0 = -5*g + t + 22, 9*g - 11*g + 4*t - 2 = 0. Suppose -5*q + 118 = 3*l - 0*l, -g*q = 2*l - 87. What is the highest common factor of l and 31?
31
Let u(d) = 6*d**2 + 145*d + 798. Let b be u(-23). What is the highest common divisor of b and 3?
1
Suppose 7510 = -5*u - 5*c, -2*c - 1063 = 4*u + 4955. Let g = u - -2533. What is the highest common factor of 38 and g?
38
Suppose 17*t - 1170 = 95*t. Suppose -2*p - 2*p - 16 = 0, 3*s - 4*p - 52 = 0. Let h be 2/(s/t - -1). What is the greatest common factor of 40 and h?
10
Let p be ((-172)/(-14) - -2)/(-5 - 36/(-7)). What is the greatest common factor of 30 and p?
10
Suppose -2*p - v + 5*v = 4, 5*v - 26 = -p. Let c(o) = 3*o**2 - o - 72. Let m be c(p). What is the greatest common factor of m and 75?
15
Let l be ((-105)/(-12) + -4)*4. Let r = l + -7. Suppose -5*y = 5*f - 35, 0 = 2*f + 2*y - 7*y - 21. What is the highest common divisor of f and r?
4
Let k = -7338 + 3660. Let o be 6/22 + k/(-66). Calculate the greatest common divisor of o and 294.
14
Suppose 124*m = 123*m + 5*t - 44, -22 = -3*m + t. Let j = 509 - 201. What is the greatest common factor of j and m?
11
Suppose 22*g + 26*g - 122307 = -36291. What is the greatest common factor of g and 21?
7
Let u be (-2040)/(-238) - 10/(-7). Let y = 59 + -31. Suppose y = t + u. What is the greatest common divisor of 9 and t?
9
Let p(q) = 17*q - 2. Let d(x) = x. Let l(c) = -3*d(c) - p(c). Let z be l(-1). Let k = -63 - -65. What is the highest common factor of z and k?
2
Let c = -190 + 213. Let t be (-2 + 15)*(24 - c). What is the highest common divisor of t and 403?
13
Let z(w) = 14*w**2 - 52*w - 289. Let a be z(-18). Calculate the highest common factor of 73 and a.
73
Let u = -319 + 439. Calculate the highest common factor of 104 and u.
8
Let a be (-1)/(-9)*(-450)/300 + (-1)/(24/(-148)). Suppose 0*t + 2*t - 122 = 0. Let z be t/7 + 2/7. Calculate the greatest common divisor of z and a.
3
Let f = -18066 + 18210. Calculate the greatest common divisor of 6390 and f.
18
Let p(y) = 3*y - 11. Let h be p(5). Let m be -7*((-1392)/84 + 0). Calculate the highest common factor of h and m.
4
Suppose -x = -14 + 12. Suppose -48 = 5*d - 4*q - 136, x*q - 60 = -4*d. Suppose -285 = -3*t + 147. Calculate the greatest common divisor of d and t.
16
Suppose 0 = 187*x - 113*x - 142672. Calculate the greatest common divisor of 8 and x.
8
Suppose 3*c - 22 = f, 3*f = 6*c - 10*c + 12. What is the highest common factor of c and 747?
3
Let f(p) = -14*p**3 - 27*p**2 + 5*p + 11. Let r be f(-4). Calculate the highest common divisor of 4823 and r.
91
Let r(a) = 42*a**2 - 240*a + 16. Let p be r(6). Calculate the highest common divisor of p and 1912.
8
Let f = 4606 + -4203. What is the highest common divisor of 78 and f?
13
Let z(b) = -67*b - 2075. Let h be z(-31). Let y(p) = 7 + 65*p + 2 - 3. Let n be y(h). Calculate the highest common divisor of 17 and n.
17
Suppose 5*t - 5*p - 25 = 0, -2*p + 3 = -p. Let s be ((-30)/(-16))/(1/t). Calculate the highest common factor of 24 and s.
3
Suppose -6*d - 4*f + 63 = -d, 3*d + 3*f - 39 = 0. Suppose 0 = 30*u - 59*u + 2871. What is the greatest common divisor of u and d?
11
Let b be (1 - -67) + (236 - 240). What is the highest common factor of 32 and b?
32
Suppose -5*t + 0*x - 31 = 4*x, -33 = 5*t + 2*x. Let v(k) = -k**3 - 4*k**2 + 19*k + 10. Let u be v(t). What is the highest common divisor of u and 36?
12
Suppose 2*p - 3*t = t + 178, p - 3*t = 88. Let h(l) = -13*l**2 - 653*l + 5260. Let b be h(7). Calculate the highest common divisor of b and p.
13
Let s = -109 + 234. Suppose -28*h + 7084 - 2184 = 23*h - 23*h. What is the greatest common factor of s and h?
25
Suppose -2*m - 22 - 168 = -4*c, -3*c = 5*m - 175. Suppose -w + 0*w + c = 0. Let u = 83 + 267. Calculate the greatest common factor of u and w.
50
Let y be (-1 + 0)/((-84)/20 + 4). Suppose -y*a - 20 = 0, -4*g + 3*a = 76 - 288. Let z be (g/(-6))/(2/(-18)). What is the greatest common factor of 25 and z?
25
Suppose 4*c - 429 = c. Let b = 111 + -111. Suppose 5*r - 3*w - 65 = -0*w, b = 5*r - 5*w - 65. What is the greatest common factor of c and r?
13
Let y = -76 + 141. Let z = y + -18. Let p = -20 + z. What is the highest common divisor of 9 and p?
9
Suppose -2*v - b = -2064, -v + 550 = -2*b - 467. What is the greatest common divisor of v and 168?
21
Suppose t = 4*u - 63 + 1, 2*t + 4 = 0. Suppose 1560 = 40*i - 32*i. What is the highest common factor of u and i?
15
Let z(c) = -2*c**2 - 16*c + 20. Let l be z(-20). Let g = l + 677. Suppose 5*j + 2 = 157. What is the greatest common factor of g and j?
31
Let h be (-1)/(-7 - 12455/(-1780)). Let q = 366 - h. What is the highest common divisor of q and 590?
10
Suppose 47*r - 266 - 298 = 0. Let u = -3 - -15. Calculate the highest common divisor of r and u.
12
Let a be 50/4*(-4)/(-20)*-212. Let u be ((-11)/((-605)/44))/((-4)/a). What is the greatest common divisor of u and 53?
53
Let p(n) = -n**3 - 74*n**2 - 79*n - 102. Let a be p(-73). Calculate the greatest common divisor of a and 72.
24
Suppose 187 = 3*y + 5*k, -18*y - 191 = -21*y - 4*k. What is the highest common factor of y and 1173?
69
Let w = -9699 + 21428. What is the greatest common divisor of w and 37?
37
Let u = -5190 + 5214. Suppose -5*r + 40 = 5*t, 0 = -6*t + t - 4*r + 38. Calculate the greatest common factor of t and u.
6
Suppose -2*r = 4*k - 822, -2*r - 6 = 4. Calculate the highest common divisor of 512 and k.
16
Let z = 2271 - 2247. What is the greatest common divisor of z and 15?
3
Suppose -3*n + 4*t + 92 = -17, 5*t = 10. Suppose -y + 24 = -n. Suppose 8 = -5*w + y. What is the highest common factor of 11 and w?
11
Let n = -9720 - -9902. Calculate the greatest common factor of 6279 and n.
91
Let j(i) = 27*i**3 + 3*i**2 - 26*i + 18. Let u be j(3). What is the greatest common factor of 261 and u?
87
Suppose -618*s = -598*s - 10260. What is the highest common factor of s and 152?
19
Suppose 2*i = 3 + 31. Suppose -i*h - 104 = -1634. Calculate the highest common divisor of 18 and h.
18
Suppose 0 = -48*i + 26*i - 4708. Let a = -195 - i. What is the highest common factor of a and 380?
19
Let d(m) = 52*m + 2182. Let v be d(16). What is the greatest common factor of v and 66?
22
Let d = -11169 + 19008. Calculate the greatest common divisor of d and 117.
117
Suppose -39*r + 6747 = -7293. Calculate the highest common divisor of 3360 and r.
120
Let a(b) = 2*b**2 - 7*b - 6. Let i(h) = -5*h - 89. Let v be i(-19). Let q be a(v). Calculate the greatest common divisor of 180 and q.
12
Let r = 22876 + -22675. What is the highest common factor of 4087 and r?
67
Suppose 3269 = 124*c + 293. Let g(w) = -w**3 + 5*w**2 + 5*w - 7. Let l be g(5). What is the highest common divisor of c and l?
6
Let w(r) = -r**3 + 85*r**2 - 8*r + 2176. Let f be w(85). What is the highest common divisor of 33 and f?
11
Suppose 0*y - y = -216. Suppose 8*w = -2*w. Suppose w = -5*d - 2*c + 112, 2*d - 2*c - 27 - 29 = 0. Calculate the highest common divisor of d and y.
24
Let o(b) = 3*b - 10. Let f be o(5). Let u be 0 + f + 76 + (-8 - -8). What is the highest common factor of 108 and u?
27
Suppose -5*o - 2*w + 32 = 2*w, -9 = -3*w. Suppose -174*t + 5984 = -38*t. Calculate the highest common divisor of t and o.
4
Let j be (-1344)/(-112)*(-126)/(-54)*4/2. What is the highest common factor of j and 518?
14
Suppose 0 = 3*o - 0*o - 144. Suppose 0 = -t + 2*f + 10, 2*t + 4*f - 56 = -f. What is the highest common divisor of o and t?
6
Let s be ((-2)/4)/(8/16). Let p = s + 10. Suppose 22*h - 715 = p*h. What is the highest common factor of h and 5?
5
Suppose -51*k + 47*k + 940 = 4*o, -5*o + 3*k + 1215 = 0. Calculate the greatest common factor of o and 350.
10
Let l = -26 - -40. Suppose -l*r = -18*r + 8. Let w be 172/14 - r/7. Calculate the greatest common factor of w and 108.
12
Let r(d) be the second derivative of 19*d**3/6 + d**2 + d. Let 